) = -2*d(z) + 3*x(z). Determine m(s).
-15
Suppose -4*k = f - 0*f - 151, 0 = k + f - 40. Let a = k - 34. Suppose 3*t - 2*t + 2*b = 3, a*b = -2*t + 2. Let m(p) = 2*p. Determine m(t).
-10
Suppose 4*y = 38 + 6. Suppose -3*p = -4*q + y, 10 = 2*q + 3*q - 3*p. Let x(t) = -14*t**2 - t. Calculate x(q).
-13
Let i(n) = 15*n - 132. Let w(o) = -23*o + 185. Let h(s) = -7*i(s) - 5*w(s). Determine h(-2).
-21
Let h be (-6)/(-4)*4/6. Let q be (1 + 0)*(h - -4). Let v(t) be the second derivative of -2*t**3/3 + 5*t**2/2 + 1580422*t. What is v(q)?
-15
Let b be (-1126)/(-5)*(-250)/(-100). Let r = b - 571. Let k(z) = z**2 + 5*z - 2. Determine k(r).
22
Let h = 33 - 33. Let m(y) = y**2 - y - 3. Let z be m(h). Let p(o) = 3*o**2 - 3*o + 2*o**2 - o - 5*o**2 - 2*o**2. Determine p(z).
-6
Let b(w) = -w - 4. Let h be b(-3). Let k be -4 + (2 + h)*-2. Let r(g) = 6*g**2 + 10. Let m(v) = 7*v**2 - v + 12. Let s(z) = -5*m(z) + 6*r(z). Give s(k).
6
Let u(z) be the second derivative of -2*z**3/3 + 10*z**2 + 1158*z. What is u(3)?
8
Let m(n) be the second derivative of -2/3*n**3 - 4*n - n**2 + 1/20*n**5 + 0 - 1/3*n**4. Suppose -5*j - g = -29, 2*j + 22*g - 26 = 18*g. What is m(j)?
3
Let g(c) = 4*c**2 - 31*c + 12. Let i be g(20). Let f = i + 52. Let d(n) = 1041 + 2*n + n - f. Determine d(3).
6
Let r(y) = -58*y - 62*y + 4 + 2*y**2 + 111*y. Determine r(4).
0
Let k(s) = 5*s + 3. Let r(b) = 4*b + 2. Let v(c) = -5*k(c) + 6*r(c). Let f be ((-620)/8 + -2)*(-4)/3. Let t = 99 - f. Give v(t).
4
Let s(x) = x**2 - 3*x + 24. Suppose 11*d - 10*d = -10*d. Calculate s(d).
24
Let t = -186 - -179. Let b(f) = -f - 13. Let z be 1*((17 - 3) + 3). Let j(q) = -3*q - 39. Let o(h) = z*b(h) - 6*j(h). Determine o(t).
6
Let x(h) be the third derivative of h**5/60 - 7*h**4/24 + 7*h**3/6 + h**2. Let s(l) = -23*l - 121. Let i be s(-5). Let c = 13 + i. Calculate x(c).
7
Let m(i) be the first derivative of -3*i + i**2 + 1/2*i**4 - 195 - 2*i**3. Give m(3).
3
Let q(a) = -89*a + 7. Let r(j) = -118*j + 6. Let t(m) = -4*q(m) + 3*r(m). What is t(-4)?
-18
Suppose 0 = 144*q - 141*q - 1644. Let t = q - 543. Let s(l) = l**2 + 2*l - 1. Give s(t).
34
Let w(y) be the third derivative of -y**6/720 - 7*y**4/8 + 30*y**2. Let i(r) be the second derivative of w(r). Give i(-11).
11
Let g = -86 + 84. Let h be (8/(-76) - g/19)/3. Let b(c) = -c**2 + 11. Determine b(h).
11
Let o(y) = 67*y - 4*y**2 - 124*y + 60*y. Let t be 483/(-184) + 3 - (-26)/16. Calculate o(t).
-10
Suppose -4*m = -a + 32 + 1, 0 = a + 2*m - 9. Let g(y) = 7 - 3*y + 13 - a. Determine g(-5).
18
Let s(p) be the first derivative of -4*p - 4/3*p**3 - 2*p**2 - 4 - 1/4*p**4. Let x be (11*15/165)/(1/(-3)). What is s(x)?
-1
Let x(s) = -24*s**2 + 3*s + 4. Let c be x(3). Let y = c + 201. Let b(h) = -3*h**2 - 2*h - 1. What is b(y)?
-9
Let g(v) = 2*v**2 - 4*v + 55. Let p(c) = 3*c**2 - 6*c + 71. Let a(y) = 4*g(y) - 3*p(y). Let w be 1/(-6) - (-58)/(-12). What is a(w)?
-28
Suppose 2123*k - 2120 = 2017*k. Let a(r) = -7*r**2 + 140*r + 8. Give a(k).
8
Suppose -4*d = -2 - 6. Let o(i) = d*i - 3*i**2 - i - 6*i + 3*i. Let p(k) = k**3 + 8*k**2 + 20*k + 14. Let v be p(-4). Give o(v).
-8
Let b(p) = 6*p**2 - 2*p**2 - 2 + p**3 - p**2. Let q(a) be the third derivative of a**5/30 - a**4/2 + 4*a**3/3 + 2*a**2 - 79*a. Let o be q(5). Determine b(o).
2
Let d = -113 + 127. Let t(i) = i**3 - 14*i**2 + 3*i - 32. Let n be t(d). Let x(w) = -w**2 + 8*w + 6. What is x(n)?
-14
Let p(j) = 23*j + 24. Let f(l) = -27*l - 32. Let a(b) = 6*f(b) + 7*p(b). What is a(-32)?
8
Let a(o) = -19*o - 111. Let g(b) = -4*b. Let d(w) = a(w) - 3*g(w). Determine d(-19).
22
Suppose -5*r + 0*r + 20 = 0. Let a be r - ((-20)/(-5) - -1). Let j(l) = 22*l**3 + l + 1. Give j(a).
-22
Let y(u) = -3*u - 4. Let q(b) = 1. Let z(p) = 3*q(p) + y(p). Let h be (12*5/(-45))/((140/(-63))/(-5)). Give z(h).
8
Let f(k) = -k**3 + 10*k**2 - 8*k + 16. Suppose 46 = 52*d - 47*d + 2*b, 20 = d - 5*b. Determine f(d).
-64
Let x(i) = -2*i**2 + 8964 - 11*i - 8943 + i**2. What is x(-11)?
21
Let k = 1127 - 1172. Suppose 4*d + 120 = -3*u, -2*u - 80 = 3*d - 4*d. Let f = k - u. Let w(j) = j**2 + 6*j - 3. Determine w(f).
-8
Let b be (7 - 7) + -13 + 5. Let u(p) = -3*p - 20. What is u(b)?
4
Let n(q) = -19*q - 3200 + 1605 + 1632. Give n(-6).
151
Let z(v) = -v**3 + 41*v**2 + 136*v - 154. Let d be z(44). Let r(m) = -m**2 + 22*m + 36. Give r(d).
36
Let f(z) be the third derivative of z**9/60480 + z**8/20160 - z**6/240 + 5*z**5/12 - z**4/8 + 103*z**2. Let l(b) be the third derivative of f(b). Give l(-2).
-7
Let y(p) = 4*p**2 + p - 1. Suppose -10*n = -16*n + 6. Calculate y(n).
4
Let w = 304 + -293. Let h(f) = -3*f - 6*f + 3 - w + 6*f - f**3 - 7*f**2 + 4*f. Calculate h(-7).
-15
Let h(a) = -a**3 - 11*a**2 + 15*a + 18. Let l be (-24)/72 + 8/((-96)/140). Determine h(l).
-18
Let b(p) = 6*p**2 - 2*p**2 - 1166*p + 1 - 3*p**2 + 1155*p. Give b(12).
13
Let h(b) = -2*b**2 - 9*b + 4. Suppose 0 = 5*p - v - 12 + 25, -4*v - 20 = 4*p. Let k be -4 - (4 - 4 - p). What is h(k)?
-31
Suppose 0 = -15*m + 12 + 4 - 91. Let o(h) = 6*h**3 + 5*h**2 - 4*h**3 + 0*h**3 - h**3 + 6. Calculate o(m).
6
Let c be 0 - (-6)/(1 + -1 - (-9 - -10)). Let d(b) = 21*b + 125. What is d(c)?
-1
Let s(r) = 31*r - 1. Let j be (-34)/51*18/(-4)*-7. Let q be 12/(-2) + j + 26. Determine s(q).
-32
Let f(s) = 355 - 3*s - 182 - 175. Let k = -19 + 18. Let n be (-10)/20 - 22/4*k. Determine f(n).
-17
Let u be (-7)/5 - 582/(-30). Let d(f) = -11*f - u*f**2 - 32*f**2 - 2*f + 21 + 62*f**2 + f**3 - 2*f**3. What is d(11)?
-1
Let n(x) = x**2 - 3*x - 5. Let h(u) = u**3 + 35*u**2 - 4*u + 44. Let c be h(-35). Let z = 188 - c. Calculate n(z).
-1
Let n(r) = -3*r**3 - 4*r**2 - 2*r. Suppose 4*c + 4*k + 1792 = 0, 5*k - 1 - 24 = 0. Let v = c + 451. Determine n(v).
12
Let q(p) = -15*p**3 - 6*p**2 + 31*p + 2. Let l(r) = -22*r**3 - 8*r**2 + 43*r + 3. Let b(u) = -5*l(u) + 7*q(u). Give b(1).
4
Let h(t) = t - 6. Let g(k) = -33*k - 11. Let u(p) = -g(p) + 2*h(p). Suppose -4*a = -3*w - 13, 2*w = -2*w - 12. What is u(a)?
34
Let w(k) = -5*k - 80*k**2 - 74*k**2 + 144*k**2 + 6*k - 24 - k**3 - 3*k. Calculate w(-10).
-4
Let c = -147 - -147. Let i(z) = -7*z**2 + 7*z + 15. Let g(x) = 14 + 0*x**2 - 5*x - 6*x**2 + 11*x. Let t(p) = -6*g(p) + 5*i(p). What is t(c)?
-9
Let h(a) = 8*a**2 - 6*a + 20. Let m(n) = -13*n**2 + 9*n - 28. Let s(i) = 7*h(i) + 5*m(i). Determine s(3).
-72
Let n(s) = s**3 - 22*s**2 + 39*s + 20. Let l be n(20). Let y(g) be the first derivative of g**3/3 - 13*g + 479. Give y(l).
-13
Suppose -2*n - 21 = -27. Suppose -1 = -2*x - n. Let o(c) = -5*c + 2. Calculate o(x).
7
Let n(p) = -1720 + p**3 + 1707 + p + 17*p - 10*p**2. Let t be n(8). Let z(d) = -1 - 2*d + 0 + 3. Calculate z(t).
-4
Let n(x) = -x**2 - 9*x + 8. Suppose 2*b = -4, -4*m = -2*b - 22 - 6. Calculate n(m).
-82
Let k(f) = -3*f**3 + 5*f**2 - 2*f - 9. Let d(c) = 5*c**3 - 9*c**2 + 3*c + 17. Let r(a) = -4*d(a) - 7*k(a). What is r(-3)?
-29
Let u(p) = -19*p**2. Suppose 6*f - 12 = 12. Suppose -4*x - 3*o + 4 = -o, -5*o = -f*x + 4. Determine u(x).
-19
Let x = 883 + -763. Suppose x = -29*p + 9*p. Let f(l) = l**2 + 7*l + 14. What is f(p)?
8
Let f(g) = g**2 + 6*g - 49. Suppose -19488*t = -19493*t + 20. Calculate f(t).
-9
Let t = 3027 + -3027. Let k(n) be the third derivative of 1/3*n**3 + t*n + 1/24*n**4 + 17*n**2 + 0. Determine k(-2).
0
Let z(r) be the second derivative of 1/6*r**3 - 3/2*r**2 + 3 + 6*r. Suppose 6*m - 3*m - 15 = 0. Give z(m).
2
Let r(p) = p**3 + 26*p**2 + 23*p - 59. Let l be r(-25). Let o(c) = -2*c**3 - 18*c**2 + 9*c + 76. Let j be o(l). Let k(h) = h**2 + 2*h + 5. Give k(j).
20
Let o(s) = -s**3 + 15*s**2 - 78*s - 11. Let w(p) = 3*p**2 - 10*p - 1. Let h(u) = -o(u) + 7*w(u). Calculate h(-4).
4
Let b(y) be the third derivative of 0*y - 1/60*y**5 + 0 - 2/3*y**3 - 5/12*y**4 + 9*y**2. Let g be b(-10). Let f(k) = k - 2. Determine f(g).
-6
Let c be 5/(5/39)*(-12)/(-18). Suppose -13 = -2*r - 3*n, 4*r + 3*n - 43 = -c. Let x(a) = 5*a. Give x(r).
10
Suppose 6*s - s = -4*i + 287, -4*i + 169 = 3*s. Suppose -5*u = 4*l + s, -l + 3*u = -3*l - 29. Let t = l + 16. Let q(b) = b**3 + b. Give q(t).
0
Suppose -16 = -3*t + 5*l, -t - 3*l - 16 = -6*t. Suppose t*o = 3*h + 19, 2*o - 2*h + 0*h = 16. Let r(w) = -595*w + 2 + 2*w**2 - 4*w**2 + 601*w. What is r(o)?
-18
Let b = -64 + 66. Let a be (b - -3)*(-84)/(-15). Let j = 